ighest common factor of 2193 and r?
51
Let a = -24273 - -24793. Suppose -q - 118 = -3*j, -4*q - 198 = -5*j - 3*q. What is the greatest common factor of j and a?
40
Suppose 16*c - 19*c = 30. Let f(y) = y**2 + 9*y + 8. Let i be f(c). Suppose i*w - 360 = 9*w. Calculate the greatest common divisor of w and 16.
8
Let v = -61 - -69. Suppose -784 = -624*o + 622*o. What is the highest common factor of v and o?
8
Suppose -19*g - 5*g = -351 - 1233. Calculate the greatest common factor of g and 165.
33
Let i(a) = a**3 - 57*a**2 + 431*a + 30. Let r be i(8). What is the greatest common factor of 180 and r?
18
Suppose 47*i - 8 + 48 = 557. What is the greatest common divisor of i and 2519?
11
Let m = 102 + 51. Suppose m*z = 156*z - 36. What is the highest common factor of z and 3?
3
Let v be ((-12)/10)/(30/(-50)). Suppose 0*n = -4*n - 3*r + 55, v*n - 4*r = 22. Calculate the greatest common divisor of n and 247.
13
Let u be 17 + (-2 - 21) - 638*-1. What is the greatest common divisor of 32 and u?
8
Let c = 796 - 4779. Let k be c/(-147) - 6/63. Calculate the highest common factor of 297 and k.
27
Let k = -69 + 55. Let r = 21 + k. Let w = 28 - r. What is the highest common divisor of w and 21?
21
Let u = 33726 - 33666. Let f(r) = -13*r + 1. Let x be f(-3). Calculate the greatest common factor of u and x.
20
Suppose 16*b + 5220 = 20*b + 2*p, 5*b - 5*p = 6570. Calculate the highest common factor of 24 and b.
12
Let s(x) = 6*x**2 - 27*x + 22. Let j be s(8). Let w = -56 + 66. What is the greatest common factor of w and j?
10
Let d = -357 - -358. Suppose 0 = -4*g + d + 23. What is the highest common factor of 384 and g?
6
Let p(n) = 2037*n + 5524. Let b be p(-2). Calculate the highest common divisor of b and 50.
50
Suppose 1820 = -299424*v + 299489*v. Suppose 13 + 8 = l. What is the greatest common divisor of v and l?
7
Let l(s) = s**3 - 50*s**2 - 384*s - 9. Let f be l(-6). What is the highest common factor of 496 and f?
31
Let w(o) = -2*o**3 + 2*o**2 + 21*o + 25. Let i be w(0). Let d be (2/(-6))/(i/(-2175)). Let x = 29 - 0. Calculate the greatest common factor of d and x.
29
Let t = 38219 - 37789. What is the greatest common divisor of 12255 and t?
215
Suppose 0 = -5*q - 3*r + 294, -5*q - 146 + 425 = -2*r. What is the greatest common divisor of q and 27?
3
Suppose 3898 = -4*a - 2*j, -j - j - 2921 = 3*a. Let b be 6/14 + a/(-7). Calculate the highest common divisor of b and 42.
14
Let v = 12180 + -12084. Calculate the greatest common factor of 736 and v.
32
Let r(b) = 10*b + 2887. Let v be r(-43). What is the greatest common divisor of 1183 and v?
91
Let n(u) = u**3 + 8*u**2 - 8*u + 5. Let k be n(-8). Let s(o) = 720*o - 74151. Let w be s(105). Calculate the greatest common factor of w and k.
69
Let x be (-4)/(-8) + (-214)/(-4). Suppose 2*w = 5*l - 6*l + 83, -5*l + 439 = -2*w. Suppose l*a + 90 = 92*a. What is the highest common divisor of a and x?
18
Suppose 0 = 41*q + 2*q - 11*q - 29920. What is the greatest common factor of q and 1360?
85
Let v = 388 - 324. Let t = 318 + -62. What is the greatest common divisor of v and t?
64
Let t be 2 + -5 + (11 - 5)/2. Suppose 10 = -s - 2*b - t*b, 4*s - b - 5 = 0. Let l = s - -3. What is the highest common divisor of l and 15?
3
Let z = 107 - -1. Suppose -9024 = -161*y + 4350 + 15606. Calculate the greatest common factor of z and y.
36
Let w be 4 + (-2976)/27 + 4/18. Let x = -40 - w. Let c = -163 + 174. What is the greatest common divisor of c and x?
11
Suppose 2*b = -5*x + 546, 8*b = -3*x + 7*b + 328. Calculate the highest common factor of x and 870.
10
Suppose a - 3*s + 460 = 0, 4*a + 935 = 3*s - 950. Let t = -76 - a. Suppose -3*w = t - 987. What is the greatest common factor of 28 and w?
28
Let j(h) = -24*h - 452. Let c be j(-41). Calculate the greatest common divisor of 28 and c.
28
Let t = -296 - -275. Let v = 85 + t. Calculate the greatest common divisor of v and 48.
16
Suppose 17*y + 117 = 4*y. Let i be 16 - 9/(y/(-3)). Let z be 1*-1 - 3*-9. What is the highest common divisor of z and i?
13
Suppose -2*d - 1552 + 7480 = 76*d. What is the greatest common divisor of 4978 and d?
38
Let f be -3*1 + (-30 - -32). Let g(i) = -55*i**3 - 4*i - 3. Let b be g(f). What is the highest common factor of b and 42?
14
Let z be (20/35)/(((-5)/7)/(-5)). Let j(s) = 4*s**2 - 7*s - 6. Let h be j(z). What is the greatest common factor of 240 and h?
30
Let c be 0 - 1/1 - -5. Suppose 163 = 3*m - 5*a, -3*m + 2*a = c*a - 170. Suppose 43*p + 18376 = 21988. Calculate the greatest common divisor of m and p.
28
Let l(f) = -f**3 - 5*f**2 + 380*f + 1905. Let h be l(-5). What is the greatest common divisor of 9 and h?
1
Suppose 0 = -19*h + 16*h + 1950. Suppose -b + 44 = -2*p, -30*b + 5*p - 215 = -34*b. Calculate the greatest common factor of h and b.
50
Let i be (-5 + -1 + 5)/((-3)/2553). Suppose 14*a - i = -9*a. Calculate the greatest common divisor of a and 74.
37
Let x = -11 + 25. Suppose 4988*s - 4948*s = 80. What is the highest common factor of x and s?
2
Suppose 19*p = 164 + 26. Let h be (3 - 6)/(15/(-250)). Calculate the highest common divisor of p and h.
10
Let d = -3218 + 4092. Calculate the highest common factor of d and 23.
23
Suppose -49 = 5*r - 764. Suppose 0 = -2*s - 10*s + 156. Calculate the highest common divisor of r and s.
13
Let v(u) = u**3 + 25*u**2 - 38*u - 184. Let d be v(-26). Calculate the highest common divisor of d and 8128.
64
Let m(l) = l**3 - 3*l**2 - 2*l - 4. Let s be m(4). Let p(o) = -o**2 + 437*o + 1767. Let y be p(-4). Calculate the highest common factor of y and s.
1
Let g(w) = 4*w**3 - 24*w**2 - w + 26. Let j be g(6). What is the highest common factor of 2550 and j?
10
Let s(n) = -n**2 + 56*n - 145. Let t be s(53). Suppose 0 = -0*o + t*o - 28. What is the greatest common factor of o and 38?
2
Let p be (2 + -1)*58 + -142 + 136. What is the highest common factor of p and 442?
26
Suppose -l + 176 = l. Let t = l - 124. Let m be 7 + -10 - (t + 0). Calculate the greatest common factor of 11 and m.
11
Suppose -5*o - 3*h + 680 = 0, o - 331*h = -329*h + 110. Suppose -6*k + 52 = -4*k. Calculate the highest common divisor of o and k.
26
Let o(i) = -23*i - 160. Let j be o(-7). Let l be (530 - j*-1) + (-396)/(-198). What is the highest common factor of 13 and l?
13
Let u(l) = -22*l - 18. Let c be u(-1). Suppose -2*s + 10 = 4*r - 12, 0 = -c*s + r + 26. What is the highest common factor of s and 112?
7
Suppose 3*v + 3*h = -h + 260, 422 = 5*v + h. Suppose 10*c - 7*c = v. Calculate the highest common divisor of c and 112.
28
Let z(b) = -34*b - 945. Let f be z(-28). Calculate the greatest common divisor of 63 and f.
7
Let z = -93 - -115. Suppose 12*a = 26 + z. What is the greatest common factor of 7 and a?
1
Let b = -83 + 82. Let m be b/(16/(-6)) - 8022/(-112). Calculate the greatest common factor of m and 9.
9
Let i(o) = -12*o**2 + 9*o - 27. Let p be i(4). Let f = p + 430. What is the highest common factor of 13 and f?
13
Suppose -2*a + 49 = v, -2*a + 201 = 4*v + a. Let i be v + (4 - ((-9)/3)/(-1)). Calculate the highest common factor of i and 1300.
52
Suppose 62*o + 181 = 801. Let q(d) = 2*d**2 - 2*d. Suppose 8 = 2*b - 3*x - 2, 2*b = x + 10. Let a be q(b). What is the greatest common divisor of a and o?
10
Let l(n) = 2*n**3 - 140*n**2 + 269*n + 366. Let a be l(68). What is the greatest common divisor of 42 and a?
6
Let u = -2035 + 2385. Calculate the greatest common divisor of 14 and u.
14
Suppose 234 = -5*b + 589. Let v = 72 - b. Calculate the highest common factor of 31 and v.
1
Let k(o) = 10*o**2 - 1. Let s be k(-4). Suppose 0 = -2*l + 14 + 20. Suppose b = s + l. What is the greatest common factor of 16 and b?
16
Suppose -4*b = 2*b. Suppose -2*l - l = -b*l. Suppose 7*q - q - 96 = l. Calculate the highest common divisor of q and 2.
2
Let u(w) = -26 - 27*w + 46*w - 30*w - w**2. Let j be u(-9). Let g be (-9)/24 + (-387)/j. What is the highest common factor of g and 120?
24
Suppose -165*s = -136*s - 27782. Calculate the highest common factor of s and 2.
2
Let r(a) = -3*a**3 - 58*a**2 + 32*a + 57. Let g be r(-20). Let q = g - 150. Calculate the highest common divisor of 737 and q.
67
Let n(f) = -10*f - 1014. Let s be n(-132). Calculate the highest common divisor of 6273 and s.
153
Suppose -4*y + 362 = 2*a, 165*y = 168*y - a - 254. What